{"id":11,"date":"2014-08-07T20:06:52","date_gmt":"2014-08-07T20:06:52","guid":{"rendered":"http:\/\/hiltrud-mueller.de\/?page_id=11"},"modified":"2020-02-28T13:43:45","modified_gmt":"2020-02-28T13:43:45","slug":"anfahrt","status":"publish","type":"page","link":"https:\/\/www.hiltrud-mueller.de\/?page_id=11","title":{"rendered":"Anfahrt"},"content":{"rendered":"<p>Die <em>Praxis f\u00fcr K\u00f6rper, Geist und Seele<\/em> liegt inmitten der kleinen Ortschaft Lohfelden-Vollmarshausen. Die Praxis ist \u00fcber den Seiteneingang des Geb\u00e4udes der Kasseler Sparkasse erreichbar und befindet sich im 1.&nbsp;Obergeschoss.<\/p>\n<p><em>Anfahrt mit dem Auto:<\/em>&nbsp;Meine Praxis k\u00f6nnen Sie gut mit dem Auto erreichen. Parkpl\u00e4tze sind vorhanden.<\/p>\n<p><em>Anfahrt mit dem Bus:<\/em>&nbsp;Nehmen&nbsp;Sie die <a title=\"Busfahrplan f\u00fcr die KVG-Linie 37\" href=\"http:\/\/www.nvv.de\/fileadmin\/nvv\/download\/fahrplaene\/037.pdf\" target=\"_blank\" rel=\"noopener noreferrer\">Buslinie 37<\/a> Richtung Vollmarshausen \/ Wellerode \/ Eiterhagen. Bei der Haltestelle \"Kirche\" m\u00fcssen Sie aussteigen.<\/p>\n\n\n<iframe loading=\"lazy\" src=\"https:\/\/www.google.com\/maps\/embed?pb=!1m18!1m12!1m3!1d2496.7214786471304!2d9.561549216274146!3d51.26103733650618!2m3!1f0!2f0!3f0!3m2!1i1024!2i768!4f13.1!3m3!1m2!1s0x47bb47c7d56651f9%3A0x6a71d50d55c46678!2sHiltrud%20M%C3%BCller!5e0!3m2!1sde!2sde!4v1582896257808!5m2!1sde!2sde\" width=\"960\" height=\"480\" frameborder=\"0\" style=\"border:0;\" allowfullscreen=\"\"><\/iframe>\n","protected":false},"excerpt":{"rendered":"<p>Die Praxis f\u00fcr K\u00f6rper, Geist und Seele liegt inmitten der kleinen Ortschaft Lohfelden-Vollmarshausen. Die Praxis ist \u00fcber den Seiteneingang des Geb\u00e4udes der Kasseler Sparkasse erreichbar und befindet sich im 1.&nbsp;Obergeschoss. Anfahrt mit dem Auto:&nbsp;Meine Praxis k\u00f6nnen Sie gut mit dem Auto erreichen. Parkpl\u00e4tze sind vorhanden. Anfahrt mit dem Bus:&nbsp;Nehmen&nbsp;Sie die Buslinie 37 Richtung Vollmarshausen \/ <a class=\"read-more\" href=\"https:\/\/www.hiltrud-mueller.de\/?page_id=11\">... weiterlesen <span class=\"meta-nav\">&rarr;<\/span><\/a><\/p>\n","protected":false},"author":1,"featured_media":0,"parent":39,"menu_order":0,"comment_status":"closed","ping_status":"closed","template":"page-templates\/front-page.php","meta":{"spay_email":""},"_links":{"self":[{"href":"https:\/\/www.hiltrud-mueller.de\/index.php?rest_route=\/wp\/v2\/pages\/11"}],"collection":[{"href":"https:\/\/www.hiltrud-mueller.de\/index.php?rest_route=\/wp\/v2\/pages"}],"about":[{"href":"https:\/\/www.hiltrud-mueller.de\/index.php?rest_route=\/wp\/v2\/types\/page"}],"author":[{"embeddable":true,"href":"https:\/\/www.hiltrud-mueller.de\/index.php?rest_route=\/wp\/v2\/users\/1"}],"replies":[{"embeddable":true,"href":"https:\/\/www.hiltrud-mueller.de\/index.php?rest_route=%2Fwp%2Fv2%2Fcomments&post=11"}],"version-history":[{"count":12,"href":"https:\/\/www.hiltrud-mueller.de\/index.php?rest_route=\/wp\/v2\/pages\/11\/revisions"}],"predecessor-version":[{"id":277,"href":"https:\/\/www.hiltrud-mueller.de\/index.php?rest_route=\/wp\/v2\/pages\/11\/revisions\/277"}],"up":[{"embeddable":true,"href":"https:\/\/www.hiltrud-mueller.de\/index.php?rest_route=\/wp\/v2\/pages\/39"}],"wp:attachment":[{"href":"https:\/\/www.hiltrud-mueller.de\/index.php?rest_route=%2Fwp%2Fv2%2Fmedia&parent=11"}],"curies":[{"name":"wp","href":"https:\/\/api.w.org\/{rel}","templated":true}]}}