{"id":131,"date":"2014-08-12T07:38:28","date_gmt":"2014-08-12T07:38:28","guid":{"rendered":"http:\/\/www.hiltrud-mueller.de\/?page_id=131"},"modified":"2018-08-27T07:07:09","modified_gmt":"2018-08-27T07:07:09","slug":"preise","status":"publish","type":"page","link":"https:\/\/www.hiltrud-mueller.de\/?page_id=131","title":{"rendered":"Kursgeb\u00fchren"},"content":{"rendered":"<p>Vielen Dank f\u00fcr Ihr Interesse an meiner T\u00e4tigkeit! Informationen zu\u00a0den Kosten meiner Leistungen erhalten Sie auf <a title=\"Kontakt\" href=\"https:\/\/www.hiltrud-mueller.de\/?page_id=39\">Anfrage<\/a>.<\/p>\n","protected":false},"excerpt":{"rendered":"<p>Vielen Dank f\u00fcr Ihr Interesse an meiner T\u00e4tigkeit! Informationen zu\u00a0den Kosten meiner Leistungen erhalten Sie auf Anfrage.<\/p>\n","protected":false},"author":1,"featured_media":0,"parent":7,"menu_order":0,"comment_status":"closed","ping_status":"closed","template":"page-templates\/front-page.php","meta":{"spay_email":""},"_links":{"self":[{"href":"https:\/\/www.hiltrud-mueller.de\/index.php?rest_route=\/wp\/v2\/pages\/131"}],"collection":[{"href":"https:\/\/www.hiltrud-mueller.de\/index.php?rest_route=\/wp\/v2\/pages"}],"about":[{"href":"https:\/\/www.hiltrud-mueller.de\/index.php?rest_route=\/wp\/v2\/types\/page"}],"author":[{"embeddable":true,"href":"https:\/\/www.hiltrud-mueller.de\/index.php?rest_route=\/wp\/v2\/users\/1"}],"replies":[{"embeddable":true,"href":"https:\/\/www.hiltrud-mueller.de\/index.php?rest_route=%2Fwp%2Fv2%2Fcomments&post=131"}],"version-history":[{"count":6,"href":"https:\/\/www.hiltrud-mueller.de\/index.php?rest_route=\/wp\/v2\/pages\/131\/revisions"}],"predecessor-version":[{"id":238,"href":"https:\/\/www.hiltrud-mueller.de\/index.php?rest_route=\/wp\/v2\/pages\/131\/revisions\/238"}],"up":[{"embeddable":true,"href":"https:\/\/www.hiltrud-mueller.de\/index.php?rest_route=\/wp\/v2\/pages\/7"}],"wp:attachment":[{"href":"https:\/\/www.hiltrud-mueller.de\/index.php?rest_route=%2Fwp%2Fv2%2Fmedia&parent=131"}],"curies":[{"name":"wp","href":"https:\/\/api.w.org\/{rel}","templated":true}]}}