{"id":39,"date":"2014-08-07T20:34:05","date_gmt":"2014-08-07T20:34:05","guid":{"rendered":"http:\/\/www.hiltrud-mueller.de\/?page_id=39"},"modified":"2020-02-28T13:43:30","modified_gmt":"2020-02-28T13:43:30","slug":"kontaktformular","status":"publish","type":"page","link":"https:\/\/www.hiltrud-mueller.de\/?page_id=39","title":{"rendered":"Kontakt"},"content":{"rendered":"<p data-wp-editing=\"1\"><img loading=\"lazy\" class=\"wp-image-264 alignright\" src=\"https:\/\/i1.wp.com\/www.hiltrud-mueller.de\/wp-content\/uploads\/20180923_195844.jpg?resize=451%2C338&#038;ssl=1\" alt=\"\" width=\"451\" height=\"338\" srcset=\"https:\/\/i1.wp.com\/www.hiltrud-mueller.de\/wp-content\/uploads\/20180923_195844.jpg?resize=300%2C225&amp;ssl=1 300w, https:\/\/i1.wp.com\/www.hiltrud-mueller.de\/wp-content\/uploads\/20180923_195844.jpg?resize=768%2C576&amp;ssl=1 768w, https:\/\/i1.wp.com\/www.hiltrud-mueller.de\/wp-content\/uploads\/20180923_195844.jpg?resize=960%2C720&amp;ssl=1 960w, https:\/\/i1.wp.com\/www.hiltrud-mueller.de\/wp-content\/uploads\/20180923_195844.jpg?w=1024&amp;ssl=1 1024w\" sizes=\"(max-width: 451px) 100vw, 451px\" data-recalc-dims=\"1\" \/><\/p>\n<p>Ich freue mich, von Ihnen zu h\u00f6ren!<\/p>\n<p>Telefon: <a href=\"tel:0560891693\">05608 \/ 916 93<\/a><br \/>\nE-Mail: <a href=\"mailto:info@hiltrud-mueller.de\">info@hiltrud-mueller.de<\/a><\/p>\n<p>Anschrift:<\/p>\n<p>Praxis f\u00fcr K\u00f6rper, Geist und Seele<br \/>\nHiltrud M\u00fcller<br \/>\nKasseler Stra\u00dfe 1a<br \/>\n34253 Lohfelden-Vollmarshausen<\/p>\n","protected":false},"excerpt":{"rendered":"<p>Ich freue mich, von Ihnen zu h\u00f6ren! Telefon: 05608 \/ 916 93 E-Mail: info@hiltrud-mueller.de Anschrift: Praxis f\u00fcr K\u00f6rper, Geist und Seele Hiltrud M\u00fcller Kasseler Stra\u00dfe 1a 34253 Lohfelden-Vollmarshausen<\/p>\n","protected":false},"author":1,"featured_media":0,"parent":0,"menu_order":0,"comment_status":"closed","ping_status":"closed","template":"page-templates\/front-page.php","meta":{"spay_email":""},"_links":{"self":[{"href":"https:\/\/www.hiltrud-mueller.de\/index.php?rest_route=\/wp\/v2\/pages\/39"}],"collection":[{"href":"https:\/\/www.hiltrud-mueller.de\/index.php?rest_route=\/wp\/v2\/pages"}],"about":[{"href":"https:\/\/www.hiltrud-mueller.de\/index.php?rest_route=\/wp\/v2\/types\/page"}],"author":[{"embeddable":true,"href":"https:\/\/www.hiltrud-mueller.de\/index.php?rest_route=\/wp\/v2\/users\/1"}],"replies":[{"embeddable":true,"href":"https:\/\/www.hiltrud-mueller.de\/index.php?rest_route=%2Fwp%2Fv2%2Fcomments&post=39"}],"version-history":[{"count":17,"href":"https:\/\/www.hiltrud-mueller.de\/index.php?rest_route=\/wp\/v2\/pages\/39\/revisions"}],"predecessor-version":[{"id":276,"href":"https:\/\/www.hiltrud-mueller.de\/index.php?rest_route=\/wp\/v2\/pages\/39\/revisions\/276"}],"wp:attachment":[{"href":"https:\/\/www.hiltrud-mueller.de\/index.php?rest_route=%2Fwp%2Fv2%2Fmedia&parent=39"}],"curies":[{"name":"wp","href":"https:\/\/api.w.org\/{rel}","templated":true}]}}